{"id":596,"date":"2025-10-17T05:37:50","date_gmt":"2025-10-17T05:37:50","guid":{"rendered":"https:\/\/pi2fld.nl\/blog\/?page_id=596"},"modified":"2025-11-17T07:28:36","modified_gmt":"2025-11-17T07:28:36","slug":"carta-al-director-general-de-cellnex","status":"publish","type":"page","link":"https:\/\/pi2fld.nl\/blog\/?page_id=596","title":{"rendered":"Carta al director general de Cellnex"},"content":{"rendered":"\n<p>Cellnex Netherlands B.V. Certificado<br>A la atenci\u00f3n de la Sra. <strong>*<\/strong>, directora ejecutiva (personal)<br>Calle 2<br>**** AZ Utrecht<\/p>\n\n\n\n<p>Lelystad, 12 de septiembre de 2025<\/p>\n\n\n\n<p>Estimada Sra. <strong>*<\/strong>:<\/p>\n\n\n\n<p>En primer lugar, quiero pedirle disculpas por enviarle esta carta.<br>Lamentablemente, en este momento no veo otra opci\u00f3n para limitar los da\u00f1os.<\/p>\n\n\n\n<p>Perm\u00edtame presentarme: mi nombre es Chris y, al parecer, su empresa quiere deshacerse de m\u00ed.<\/p>\n\n\n\n<p>Mi historia: no soy juez, ni abogado, ni jurista, y tampoco termin\u00e9 la escuela primaria.<br>En mi juventud me aburr\u00eda y me volv\u00ed rebelde.<\/p>\n\n\n\n<p>El 1 de enero de 1979 entr\u00e9 a trabajar en la entonces empresa estatal PTT. (Todav\u00eda estaba en edad escolar).<br>Tras una formaci\u00f3n pr\u00e1ctica de casi un a\u00f1o, me convert\u00ed en RA2VMTNG (funcionario p\u00fablico 2, t\u00e9cnico del grupo t\u00e9cnico). Casi inmediatamente tuve acceso a las torres de comunicaci\u00f3n de la regi\u00f3n de \u00c1msterdam y Haarlem. M\u00e1s tarde, esto se ampli\u00f3 a toda Holanda.<br>A mediados de 1990, las torres se convirtieron en parte de mi campo de trabajo y ascend\u00ed a especialista en comunicaciones por radio de alta frecuencia.<\/p>\n\n\n\n<p>Me convert\u00ed en corresponsable de muchos sistemas de comunicaci\u00f3n cr\u00edticos del gobierno y del aeropuerto de Schiphol. Un puesto de confianza para el que se necesitaba un nuevo certificado de buena conducta cada tres meses.<\/p>\n\n\n\n<p>Alrededor de los 40 a\u00f1os, aprob\u00e9 el MBO 4, que complet\u00e9 despu\u00e9s del horario laboral. No termin\u00e9 el HBO debido a la carga de trabajo.<br>Por lo tanto, no soy tonto, pero debido a mi discapacidad, era una especie de v\u00edctima subestimada de esta sociedad.<br>Por ahora, me limitar\u00e9 a decir que tengo una discapacidad muy positiva.<\/p>\n\n\n\n<p>En los a\u00f1os 80, fui director t\u00e9cnico de una emisora de radio con 30 empleados.<\/p>\n\n\n\n<p>El 1 de junio de 2011, dej\u00e9 KPN despu\u00e9s de 32 a\u00f1os. A pesar de que era dif\u00edcil de tratar para los directivos, KPN se sinti\u00f3 muy molesta por mi decisi\u00f3n de irme.<\/p>\n\n\n\n<p>Me convert\u00ed en director general de una sociedad limitada con una sociedad colectiva subordinada. Y ahora, tras una lucha de m\u00e1s de 10 a\u00f1os, estoy totalmente incapacitado. Sin embargo, tras este estresante periodo, me gustar\u00eda volver a dedicarme a un trabajo agradable en el \u00e1mbito de la radiocomunicaci\u00f3n. Actualmente me limito a hacer trabajo voluntario en el banco de alimentos y, anteriormente, en la Cruz Roja, los consejos de barrio y la ambulancia para animales.<\/p>\n\n\n\n<p>Dada mi trayectoria profesional y los numerosos puestos de confianza que he desempe\u00f1ado, me duele mucho que el se\u00f1or <em>jurista<\/em> escriba al tribunal que no puedo entrar en la torre porque podr\u00eda sabotear el equipo de terceros que se encuentra en ella.<\/p>\n\n\n\n<p>Me ver\u00e9 obligado a expresar este dolor como reportero a trav\u00e9s de los numerosos medios de comunicaci\u00f3n que a\u00fan tengo a mi disposici\u00f3n. Algo que nadie puede prohibirme.<\/p>\n\n\n\n<p>El se\u00f1or <em>jurista<\/em> ha conseguido anular dos juicios, lo que me ha costado bastante dinero, pero a\u00fan no ha logrado el objetivo previsto (la rescisi\u00f3n de los contratos). No puedo imaginar que esto sea lo que usted o su predecesor ten\u00edan en mente despu\u00e9s de tres a\u00f1os.<\/p>\n\n\n\n<p>Hasta ahora, me atrevo a afirmar que el se\u00f1or <em>jurista<\/em> solo ha alimentado su propio ego, pero que con ello est\u00e1 hundiendo cada vez m\u00e1s a Cellnex y Alticom. Ya he emitido un dictamen al respecto a la se\u00f1ora <em>desarrolladora comercial<\/em>.<\/p>\n\n\n\n<p>Ahora estoy preparando un procedimiento judicial. No me importa hacerlo, pero, por supuesto, preferir\u00eda dedicar mi tiempo a cosas m\u00e1s positivas. (pescar o disfrutar del sol)<\/p>\n\n\n\n<p>Soy muy abierto y sincero. Tambi\u00e9n soy un pitbull que, cuando muerde, nunca suelta.<br>Por otro lado, soy un gran defensor de resolver las cosas de forma amistosa.<\/p>\n\n\n\n<p>Lo que m\u00e1s me molesta es la pregunta: \u00bfpor qu\u00e9? \u00bfPor qu\u00e9 quiere echarme de la torre?<br>No molesto a nadie y no utilizo ning\u00fan espacio comercial que usted pudiera alquilar.<br>\u00bfHe hecho algo malo? \u00bfHa recibido informaci\u00f3n err\u00f3nea sobre m\u00ed? \u00bfO es que, al igual que yo, no sabe nada?<\/p>\n\n\n\n<p>Esto \u00faltimo me afecta enormemente, en parte debido a mi discapacidad positiva.<\/p>\n\n\n\n<p>Sus compa\u00f1eros no quieren sentarse a la mesa conmigo. Por alguna raz\u00f3n, mantienen las distancias.<br>A menos que est\u00e9 dispuesto a pagar un aumento del alquiler de 7000 veces el alquiler actual.<br>No puedo entenderlo. Mi discapacidad no es contagiosa, por lo que tampoco pueden utilizar eso como argumento. \u00bfEn qu\u00e9 me diferencio de otros radioaficionados que tienen el mismo objetivo que yo, a cambio de la misma remuneraci\u00f3n? No lo hago por m\u00ed mismo, sino como voluntario para una gran parte de los 12 500 radioaficionados del norte de los Pa\u00edses Bajos. Una afici\u00f3n que, en parte por esto, est\u00e1 desapareciendo. Estos aficionados son precisamente las personas que usted va a necesitar urgentemente en el futuro.<\/p>\n\n\n\n<p>La elecci\u00f3n es suya: puede guardar silencio o simplemente conversar conmigo mientras disfrutamos de una taza de caf\u00e9. Yo responder\u00e9 a lo que usted decida hacer.<\/p>\n\n\n\n<p>Y s\u00ed, lo s\u00e9, puede renunciar sin dar ninguna raz\u00f3n, pero no puede hacerlo sin seguir las reglas.<\/p>\n\n\n\n<p>Voy a seguir con mi expediente. Tambi\u00e9n sospecho que no tiene ni idea de d\u00f3nde ha empezado este expediente. Dado su cargo como director general, lo entiendo perfectamente.<\/p>\n\n\n\n<p>Intentar\u00e9 hacer un breve resumen de los asuntos que han tenido lugar en gran parte bajo el paraguas de Cellnex:<\/p>\n\n\n\n<p>Se firm\u00f3 un acuerdo con el compromiso de que esto me ofrecer\u00eda seguridad y que no se me podr\u00eda despedir sin m\u00e1s en caso de adquisici\u00f3n.<\/p>\n\n\n\n<p>Por ello, renunci\u00e9 a la pol\u00edtica de tolerancia existente con acceso a todas las torres de los Pa\u00edses Bajos.<\/p>\n\n\n\n<p>Alguien con una llave de acceso abri\u00f3 la puerta de mi espacio. En este acto y\/o como consecuencia del mismo, se sustrajo parte de mi equipo de transmisi\u00f3n. (lo cual ha sido denunciado)<\/p>\n\n\n\n<p>Me han sustra\u00eddo 360 metros de cable coaxial de 1 5\/8 pulgadas de una torre.<\/p>\n\n\n\n<p>Bajo su supervisi\u00f3n, se han cortado varias de mis antenas de una torre sin consultarme. A estas antenas estaban conectados transmisores activos.<\/p>\n\n\n\n<p>Se acord\u00f3 instalar antenas adicionales en la torre de Lelystad, en parte para mitigar un poco lo anterior. Nunca le reproch\u00e9 lo anterior porque pude ir a Lelystad.<\/p>\n\n\n\n<p>Para realizar los trabajos mencionados, tuve que realizar cursos costosos.<\/p>\n\n\n\n<p>Sin embargo, no hubo continuaci\u00f3n debido a la salida de sus empleados y a la falta de una respuesta adecuada.<\/p>\n\n\n\n<p>Se ha cometido un triple sabotaje dentro de los muros de la torre de Lelystad entre 2022 y el 13 de marzo de 2024.<\/p>\n\n\n\n<p>Los empleados de la torre de Lelystad cometieron un delito con mi equipo transmisor durante el per\u00edodo en que no se me permiti\u00f3 entrar. Lo he denunciado ante la RDI.<\/p>\n\n\n\n<p>Al negarme el acceso, la polic\u00eda no pudo investigar el lugar del delito en relaci\u00f3n con el sabotaje.<\/p>\n\n\n\n<p>El se\u00f1or <em>jurista<\/em> me ha reprochado en dos ocasiones que no haya comunicado a tiempo los cambios de direcci\u00f3n y que, por ello, la primera notificaci\u00f3n de rescisi\u00f3n en 2022 no me haya sido entregada en mi domicilio. Esto es incorrecto y puedo demostrarlo f\u00e1cilmente mediante los correos electr\u00f3nicos intercambiados.<\/p>\n\n\n\n<p>Cellnex\/Alticom no sab\u00eda qu\u00e9 espacio utilizaba yo. Por ejemplo, la se\u00f1ora <em>desarrolladora comercial<\/em> pensaba que yo utilizaba una peque\u00f1a rejilla en un armario de 19 pulgadas. En realidad, tengo un armario completo de 19 pulgadas con algunos filtros encima y un permiso verbal para instalar un segundo armario de 19 pulgadas. Solo quedaba por evaluar y registrar por parte del \u00abadministrador de antenas\u00bb la ampliaci\u00f3n de las nuevas posiciones de antenas a 175 metros de altura. Tanto el \u00abadministrador de antenas\u00bb como el antiguo \u00abdesarrollador comercial\u00bb han abandonado Cellnex\/Alticom.<\/p>\n\n\n\n<p>No solo alquilo un espacio en la torre de Lelystad, sino tambi\u00e9n en otros lugares del pa\u00eds. Pero, una vez m\u00e1s, debo constatar que los datos de su base instalada no est\u00e1n actualizados.<\/p>\n\n\n\n<p>El 13 de marzo de 2024, pude acceder a la torre de Lelystad bajo la supervisi\u00f3n del <em>t\u00e9cnico<\/em>.<br>En ese momento, me llev\u00e9 el equipo activo para repararlo, en parte para evitar un nuevo delito. El 13 de marzo, en presencia de sus empleados, constat\u00e9 que se hab\u00edan intercambiado los cables de antena del transmisor y el receptor. Esto es algo que no ocurre de forma espont\u00e1nea y por s\u00ed solo. Tanto el transmisor como el receptor se quemaron como consecuencia de ello (esta es la tercera parte del sabotaje dentro del espacio cerrado de Cellnex\/Alticom, que en este caso tambi\u00e9n podr\u00eda haber provocado un incendio).<\/p>\n\n\n\n<p>Por lo tanto, tengo mucho inter\u00e9s en saber si sus motivos para expulsarme de la torre despu\u00e9s de 45 a\u00f1os pesan m\u00e1s que lo que he enumerado anteriormente.<\/p>\n\n\n\n<p>No hace falta decir que usted es libre de decidir si desea o no mantener una conversaci\u00f3n conmigo.<br>Por supuesto, le agradecer\u00eda mucho que estuviera dispuesto a hablar conmigo y, por mi parte, me gustar\u00eda poder explicarle todo esto en una entrevista personal.<\/p>\n\n\n\n<p>A la espera de una respuesta positiva por su parte, le saluda atentamente,<\/p>\n\n\n\n<p>Chris * Lelystad<\/p>\n\n\n\n<p>Traducci\u00f3n realizada con la versi\u00f3n gratuita del traductor DeepL.com<\/p>\n","protected":false},"excerpt":{"rendered":"<p>Cellnex Netherlands B.V. CertificadoA la atenci\u00f3n de la Sra. *, directora ejecutiva (personal)Calle 2**** AZ Utrecht Lelystad, 12 de septiembre de 2025 Estimada Sra. *: En primer lugar, quiero pedirle disculpas por enviarle esta carta.Lamentablemente, en este momento no veo otra opci\u00f3n para limitar los da\u00f1os. Perm\u00edtame presentarme: mi nombre es Chris y, al parecer, [&hellip;]<\/p>\n","protected":false},"author":1,"featured_media":0,"parent":0,"menu_order":0,"comment_status":"closed","ping_status":"closed","template":"","meta":{"footnotes":""},"class_list":["post-596","page","type-page","status-publish","hentry"],"_links":{"self":[{"href":"https:\/\/pi2fld.nl\/blog\/index.php?rest_route=\/wp\/v2\/pages\/596","targetHints":{"allow":["GET"]}}],"collection":[{"href":"https:\/\/pi2fld.nl\/blog\/index.php?rest_route=\/wp\/v2\/pages"}],"about":[{"href":"https:\/\/pi2fld.nl\/blog\/index.php?rest_route=\/wp\/v2\/types\/page"}],"author":[{"embeddable":true,"href":"https:\/\/pi2fld.nl\/blog\/index.php?rest_route=\/wp\/v2\/users\/1"}],"replies":[{"embeddable":true,"href":"https:\/\/pi2fld.nl\/blog\/index.php?rest_route=%2Fwp%2Fv2%2Fcomments&post=596"}],"version-history":[{"count":1,"href":"https:\/\/pi2fld.nl\/blog\/index.php?rest_route=\/wp\/v2\/pages\/596\/revisions"}],"predecessor-version":[{"id":597,"href":"https:\/\/pi2fld.nl\/blog\/index.php?rest_route=\/wp\/v2\/pages\/596\/revisions\/597"}],"wp:attachment":[{"href":"https:\/\/pi2fld.nl\/blog\/index.php?rest_route=%2Fwp%2Fv2%2Fmedia&parent=596"}],"curies":[{"name":"wp","href":"https:\/\/api.w.org\/{rel}","templated":true}]}}

<p>Cellnex Netherlands B.V. Certificado<br>A la atención de la Sra. <strong>*</strong>, directora ejecutiva (personal)<br>Calle 2<br>**** AZ Utrecht</p>



<p>Lelystad, 12 de septiembre de 2025</p>



<p>Estimada Sra. <strong>*</strong>:</p>



<p>En primer lugar, quiero pedirle disculpas por enviarle esta carta.<br>Lamentablemente, en este momento no veo otra opción para limitar los daños.</p>



<p>Permítame presentarme: mi nombre es Chris y, al parecer, su empresa quiere deshacerse de mí.</p>



<p>Mi historia: no soy juez, ni abogado, ni jurista, y tampoco terminé la escuela primaria.<br>En mi juventud me aburría y me volví rebelde.</p>



<p>El 1 de enero de 1979 entré a trabajar en la entonces empresa estatal PTT. (Todavía estaba en edad escolar).<br>Tras una formación práctica de casi un año, me convertí en RA2VMTNG (funcionario público 2, técnico del grupo técnico). Casi inmediatamente tuve acceso a las torres de comunicación de la región de Ámsterdam y Haarlem. Más tarde, esto se amplió a toda Holanda.<br>A mediados de 1990, las torres se convirtieron en parte de mi campo de trabajo y ascendí a especialista en comunicaciones por radio de alta frecuencia.</p>



<p>Me convertí en corresponsable de muchos sistemas de comunicación críticos del gobierno y del aeropuerto de Schiphol. Un puesto de confianza para el que se necesitaba un nuevo certificado de buena conducta cada tres meses.</p>



<p>Alrededor de los 40 años, aprobé el MBO 4, que completé después del horario laboral. No terminé el HBO debido a la carga de trabajo.<br>Por lo tanto, no soy tonto, pero debido a mi discapacidad, era una especie de víctima subestimada de esta sociedad.<br>Por ahora, me limitaré a decir que tengo una discapacidad muy positiva.</p>



<p>En los años 80, fui director técnico de una emisora de radio con 30 empleados.</p>



<p>El 1 de junio de 2011, dejé KPN después de 32 años. A pesar de que era difícil de tratar para los directivos, KPN se sintió muy molesta por mi decisión de irme.</p>



<p>Me convertí en director general de una sociedad limitada con una sociedad colectiva subordinada. Y ahora, tras una lucha de más de 10 años, estoy totalmente incapacitado. Sin embargo, tras este estresante periodo, me gustaría volver a dedicarme a un trabajo agradable en el ámbito de la radiocomunicación. Actualmente me limito a hacer trabajo voluntario en el banco de alimentos y, anteriormente, en la Cruz Roja, los consejos de barrio y la ambulancia para animales.</p>



<p>Dada mi trayectoria profesional y los numerosos puestos de confianza que he desempeñado, me duele mucho que el señor <em>jurista</em> escriba al tribunal que no puedo entrar en la torre porque podría sabotear el equipo de terceros que se encuentra en ella.</p>



<p>Me veré obligado a expresar este dolor como reportero a través de los numerosos medios de comunicación que aún tengo a mi disposición. Algo que nadie puede prohibirme.</p>



<p>El señor <em>jurista</em> ha conseguido anular dos juicios, lo que me ha costado bastante dinero, pero aún no ha logrado el objetivo previsto (la rescisión de los contratos). No puedo imaginar que esto sea lo que usted o su predecesor tenían en mente después de tres años.</p>



<p>Hasta ahora, me atrevo a afirmar que el señor <em>jurista</em> solo ha alimentado su propio ego, pero que con ello está hundiendo cada vez más a Cellnex y Alticom. Ya he emitido un dictamen al respecto a la señora <em>desarrolladora comercial</em>.</p>



<p>Ahora estoy preparando un procedimiento judicial. No me importa hacerlo, pero, por supuesto, preferiría dedicar mi tiempo a cosas más positivas. (pescar o disfrutar del sol)</p>



<p>Soy muy abierto y sincero. También soy un pitbull que, cuando muerde, nunca suelta.<br>Por otro lado, soy un gran defensor de resolver las cosas de forma amistosa.</p>



<p>Lo que más me molesta es la pregunta: ¿por qué? ¿Por qué quiere echarme de la torre?<br>No molesto a nadie y no utilizo ningún espacio comercial que usted pudiera alquilar.<br>¿He hecho algo malo? ¿Ha recibido información errónea sobre mí? ¿O es que, al igual que yo, no sabe nada?</p>



<p>Esto último me afecta enormemente, en parte debido a mi discapacidad positiva.</p>



<p>Sus compañeros no quieren sentarse a la mesa conmigo. Por alguna razón, mantienen las distancias.<br>A menos que esté dispuesto a pagar un aumento del alquiler de 7000 veces el alquiler actual.<br>No puedo entenderlo. Mi discapacidad no es contagiosa, por lo que tampoco pueden utilizar eso como argumento. ¿En qué me diferencio de otros radioaficionados que tienen el mismo objetivo que yo, a cambio de la misma remuneración? No lo hago por mí mismo, sino como voluntario para una gran parte de los 12 500 radioaficionados del norte de los Países Bajos. Una afición que, en parte por esto, está desapareciendo. Estos aficionados son precisamente las personas que usted va a necesitar urgentemente en el futuro.</p>



<p>La elección es suya: puede guardar silencio o simplemente conversar conmigo mientras disfrutamos de una taza de café. Yo responderé a lo que usted decida hacer.</p>



<p>Y sí, lo sé, puede renunciar sin dar ninguna razón, pero no puede hacerlo sin seguir las reglas.</p>



<p>Voy a seguir con mi expediente. También sospecho que no tiene ni idea de dónde ha empezado este expediente. Dado su cargo como director general, lo entiendo perfectamente.</p>



<p>Intentaré hacer un breve resumen de los asuntos que han tenido lugar en gran parte bajo el paraguas de Cellnex:</p>



<p>Se firmó un acuerdo con el compromiso de que esto me ofrecería seguridad y que no se me podría despedir sin más en caso de adquisición.</p>



<p>Por ello, renuncié a la política de tolerancia existente con acceso a todas las torres de los Países Bajos.</p>



<p>Alguien con una llave de acceso abrió la puerta de mi espacio. En este acto y/o como consecuencia del mismo, se sustrajo parte de mi equipo de transmisión. (lo cual ha sido denunciado)</p>



<p>Me han sustraído 360 metros de cable coaxial de 1 5/8 pulgadas de una torre.</p>



<p>Bajo su supervisión, se han cortado varias de mis antenas de una torre sin consultarme. A estas antenas estaban conectados transmisores activos.</p>



<p>Se acordó instalar antenas adicionales en la torre de Lelystad, en parte para mitigar un poco lo anterior. Nunca le reproché lo anterior porque pude ir a Lelystad.</p>



<p>Para realizar los trabajos mencionados, tuve que realizar cursos costosos.</p>



<p>Sin embargo, no hubo continuación debido a la salida de sus empleados y a la falta de una respuesta adecuada.</p>



<p>Se ha cometido un triple sabotaje dentro de los muros de la torre de Lelystad entre 2022 y el 13 de marzo de 2024.</p>



<p>Los empleados de la torre de Lelystad cometieron un delito con mi equipo transmisor durante el período en que no se me permitió entrar. Lo he denunciado ante la RDI.</p>



<p>Al negarme el acceso, la policía no pudo investigar el lugar del delito en relación con el sabotaje.</p>



<p>El señor <em>jurista</em> me ha reprochado en dos ocasiones que no haya comunicado a tiempo los cambios de dirección y que, por ello, la primera notificación de rescisión en 2022 no me haya sido entregada en mi domicilio. Esto es incorrecto y puedo demostrarlo fácilmente mediante los correos electrónicos intercambiados.</p>



<p>Cellnex/Alticom no sabía qué espacio utilizaba yo. Por ejemplo, la señora <em>desarrolladora comercial</em> pensaba que yo utilizaba una pequeña rejilla en un armario de 19 pulgadas. En realidad, tengo un armario completo de 19 pulgadas con algunos filtros encima y un permiso verbal para instalar un segundo armario de 19 pulgadas. Solo quedaba por evaluar y registrar por parte del «administrador de antenas» la ampliación de las nuevas posiciones de antenas a 175 metros de altura. Tanto el «administrador de antenas» como el antiguo «desarrollador comercial» han abandonado Cellnex/Alticom.</p>



<p>No solo alquilo un espacio en la torre de Lelystad, sino también en otros lugares del país. Pero, una vez más, debo constatar que los datos de su base instalada no están actualizados.</p>



<p>El 13 de marzo de 2024, pude acceder a la torre de Lelystad bajo la supervisión del <em>técnico</em>.<br>En ese momento, me llevé el equipo activo para repararlo, en parte para evitar un nuevo delito. El 13 de marzo, en presencia de sus empleados, constaté que se habían intercambiado los cables de antena del transmisor y el receptor. Esto es algo que no ocurre de forma espontánea y por sí solo. Tanto el transmisor como el receptor se quemaron como consecuencia de ello (esta es la tercera parte del sabotaje dentro del espacio cerrado de Cellnex/Alticom, que en este caso también podría haber provocado un incendio).</p>



<p>Por lo tanto, tengo mucho interés en saber si sus motivos para expulsarme de la torre después de 45 años pesan más que lo que he enumerado anteriormente.</p>



<p>No hace falta decir que usted es libre de decidir si desea o no mantener una conversación conmigo.<br>Por supuesto, le agradecería mucho que estuviera dispuesto a hablar conmigo y, por mi parte, me gustaría poder explicarle todo esto en una entrevista personal.</p>



<p>A la espera de una respuesta positiva por su parte, le saluda atentamente,</p>



<p>Chris * Lelystad</p>



<p>Traducción realizada con la versión gratuita del traductor DeepL.com</p>

<p>Cellnex Netherlands B.V. CertificadoA la atención de la Sra. *, directora ejecutiva (personal)Calle 2**** AZ Utrecht Lelystad, 12 de septiembre de 2025 Estimada Sra. *: En primer lugar, quiero pedirle disculpas por enviarle esta carta.Lamentablemente, en este momento no veo otra opción para limitar los daños. Permítame presentarme: mi nombre es Chris y, al parecer, [&hellip;]</p>
